b + 8. Let k be r(6). What are the prime factors of i(k)?
2
Let z be (1 - 2) + 1 + 36. Suppose 0 = -2*x - x. Suppose -z = -x*d - 3*d. List the prime factors of d.
2, 3
Suppose -2 = -2*f + f. Suppose y + f*y = 30. What are the prime factors of y?
2, 5
Suppose -102 + 6 = -4*h. List the prime factors of h.
2, 3
List the prime factors of (-56)/(-10) - 4/(-10).
2, 3
Suppose -4*x = -x. Suppose x = 3*l + 2*y + 54, 8*y - 3*y = 5*l + 90. List the prime factors of (-173)/(-9) + 4/l.
19
Let a(w) = -w**3 - 6*w**2 - 5*w + 4. Let x be a(-4). Let m be x/32 - 31/4. What are the prime factors of m/(-36) - 122/(-18)?
7
Suppose 3*w = f - 3*f - 6, 0 = -w - 3*f - 9. Suppose w = -2*m + 4 - 60. List the prime factors of (-30)/(-4)*m/(-21).
2, 5
Let u = -7 + 3. Let t = 0 - u. Suppose -5*v - 5*o + 35 = 0, v - 4 = -v - t*o. List the prime factors of v.
2, 3
Suppose -160 = -2*m - 3*m. List the prime factors of m.
2
List the prime factors of 2 - (-994)/35 - 3/(-5).
31
Suppose 5*q + 2*y - 17 = 0, 2*q - 4*q - 3*y = -9. Suppose -3*u = q*s - 12, -16 = -5*u + u. Suppose s*t - 4*t + 16 = 0. What are the prime factors of t?
2
Let l = -65 + 169. What are the prime factors of l?
2, 13
Let o = 3 + 2. Suppose 2*t + 4 = 0, -6*l - 14 = -2*l + o*t. What are the prime factors of (-22)/((-2 - l)*2)?
11
Suppose 5*w + 0 = 5. Let g = 7 - 11. List the prime factors of (19/g)/(w/(-4)).
19
Let r(v) = 19*v - 4. Let p(d) = 9*d - 2. Let s(m) = 9*p(m) - 4*r(m). Let o(i) = 4*i - 2. Let z(y) = -6*o(y) + 5*s(y). What are the prime factors of z(0)?
2
Let o(p) = 3*p**3 - 2*p + 2. Let d(z) = z**3 + 3*z**2 - 5*z - 2. Let a be d(-4). List the prime factors of o(a).
2, 11
Let g be ((-1)/2)/((-4)/(-48)). Suppose -3*t - 597 = -153. What are the prime factors of (-4)/g + t/(-12)?
13
Let m be (-211)/(-6) - (-1)/(-6). Suppose 100 = 4*w - 5*s + s, 2*w + s = m. List the prime factors of w.
2, 5
Suppose 2*p = -4*c - 0*p + 24, 2 = 2*c - 4*p. List the prime factors of c.
5
Let o be -2 - -27*(3 - 2). Let k = 40 - o. What are the prime factors of k?
3, 5
Let d = 0 - -34. List the prime factors of d.
2, 17
List the prime factors of (-13858)/(-130) - (-2)/10*2.
107
Suppose 0*c = 2*c - 128. What are the prime factors of c?
2
Let h = 5 + -16. Let g = h - -36. List the prime factors of g.
5
Suppose -2*p + 80 = u - 14, 3*u - p = 317. What are the prime factors of u?
2, 13
Let b(x) = x**2 - 2*x - 3. Suppose t - 16 = -4*z + 6*t, 0 = -3*z - 3*t + 12. Let s be b(z). Let l(o) = 3*o - 5. List the prime factors of l(s).
2, 5
Let h be 2*(6 - (-3 + 3)). Suppose 5*a = -0*l - 4*l + 15, l + h = a. List the prime factors of a.
7
Let l(f) = -f**2 + 14*f + 11. List the prime factors of l(13).
2, 3
Suppose 12 - 4 = 4*b. Let s(u) = 8*u - 3 - 3 - 1 - u**3 - 7*u**b + 2*u**3. What are the prime factors of s(6)?
5
Let y(h) = h**3 + 2*h**2 - 3*h + 2. Let l be y(-3). Let c = 0 + l. Suppose 5*x = 6*g - c*g - 22, 2 = 4*g + 5*x. List the prime factors of g.
3
List the prime factors of 5/1 + (-2 - -1).
2
Suppose -2*s = -s - 3. Suppose -6*y + s*y = 108. Let o = y + 50. List the prime factors of o.
2, 7
Suppose -3*s - 2*s = 0. Suppose -d + 2*d = -3*g + 20, s = 3*d + 5*g - 64. List the prime factors of d.
23
Suppose 150 = 2*x + 14. List the prime factors of x.
2, 17
Suppose -2*k + 62 = -4*b, k - 4*b - 9 - 12 = 0. List the prime factors of k.
41
Suppose 14*r = 18*r - 360. List the prime factors of r.
2, 3, 5
Let x = -38 + 90. List the prime factors of x.
2, 13
Let x = 63 - 41. What are the prime factors of 678/x - (-4)/22?
31
Let f(v) = 4*v**3 - v + 2. List the prime factors of f(4).
2, 127
Let d = 75 - -7. List the prime factors of d.
2, 41
Suppose -6*t + 7*t = 66. List the prime factors of t.
2, 3, 11
Let t(b) = b**2 - 6*b - 6. Suppose -4*w + 11 = -17. Let n be t(w). Suppose 9 = 2*f - n. List the prime factors of f.
5
What are the prime factors of (-1 - -36)/(-6 + (-93)/(-15))?
5, 7
Suppose -l + 5*b = 3*l - 506, 2*l - 2*b - 254 = 0. What are the prime factors of l?
3, 43
Let b be (-4 - -4)/(1*-1). Suppose -2*u + 4 + 10 = b. List the prime factors of u.
7
Suppose -3*o + 113 = 38. What are the prime factors of o?
5
Let t(w) = w + 2. Let a be t(2). Suppose u + 1 = a. Suppose -9 = -n + u. List the prime factors of n.
2, 3
Let m be 1/(-2) + (-39)/(-2). Suppose -u + m = 6. List the prime factors of u.
13
Let u(o) = 2*o - 3. Let k be u(3). Suppose k*c - 2*x = 5*c + 10, c + 10 = -2*x. Suppose c = -2*s - s + 36. List the prime factors of s.
2, 3
Let q(w) = w**2 - 4*w + 1. Suppose -2*l + 7*l - 10 = 0. Suppose 0*t - l*t + 10 = 0. What are the prime factors of q(t)?
2, 3
Suppose 5*t + 0*t = k + 19, -t + 2*k + 11 = 0. What are the prime factors of t?
3
Suppose 5*z = -4*w + 88, 0*z + z - 3*w - 10 = 0. Suppose -23 = 3*c - 4*c. Let l = c - z. What are the prime factors of l?
7
Let d be 30/7 - 4/14. Suppose -2*g - 1 = -5*o - 6, 2 = -g + d*o. Let t = g + -7. List the prime factors of t.
3
Let p be 1/(3/42*2). Let i(a) = -p*a + 4*a + 0*a - 3 - 1. What are the prime factors of i(-4)?
2
Suppose -5*z = -16 - 4. Suppose -z*t = -13 - 63. List the prime factors of t.
19
Suppose -3*f + w = -308, -3*f - 5*w + 3*w + 311 = 0. What are the prime factors of f?
103
Suppose -3*o = -4 - 23. Suppose 5*z - 5*m + 38 = o*z, -z = 4*m - 4. Let f = z + -1. List the prime factors of f.
11
Suppose -2*y = 4*m + 6 - 34, 4*m = y - 44. List the prime factors of y.
2, 3
Let l be (11/(-2) + -1)*-2. Suppose -42 = 3*f - 3*m, l = -2*f - 4*m + m. Let o = 15 + f. What are the prime factors of o?
2
Let s(a) = -a**3 + 6*a**2 + 8*a - 7. Let g be s(7). Suppose 7*m - 4*m - 30 = g. Let p = m - 5. What are the prime factors of p?
5
Suppose -3*y = 1 - 22. Let b = 0 + y. What are the prime factors of b?
7
Suppose 0 = 2*c + 2*c + 4. What are the prime factors of -13*c*(1 - 0)?
13
Suppose 7*w - 12 = 3*w. Suppose 0 = -0*b + w*b - 240. Suppose -73 = -5*i + 5*y + 57, 5*i = -5*y + b. List the prime factors of i.
3, 7
Let u(j) = -4*j - 20 + 2*j**2 + 9 + 6 + j. List the prime factors of u(4).
3, 5
Let h = 6 - -15. List the prime factors of h.
3, 7
Let m(x) = -x**3 - x**2 + x + 4. Let k(p) = -p - 1. Let u be k(-1). Let r be m(u). Suppose 2*v - r*o = -o + 10, 0 = v - 3*o - 8. List the prime factors of v.
2
Let v = 199 - 100. What are the prime factors of v?
3, 11
Suppose 5*s - 2*b = 159, 7*s - 2*s - 150 = 5*b. What are the prime factors of s?
3, 11
Suppose 5*m - 65 = 3*z, -3*z + 4*z - 3*m = -15. Let p = 2 - z. What are the prime factors of p?
2
Suppose 2*z + 5*v = 16, 3*v = -5*z + v + 19. Let n = 6 - z. List the prime factors of n.
3
Suppose 0*s = 4*s - 4. List the prime factors of s*(2 + -1) + 3.
2
Let s be (-3 + 8)/(1/1). Let u be (s/(-10))/(1/(-6)). Suppose a - 11 = -j - 2, u*j - 3*a = 27. What are the prime factors of j?
3
Let d(f) = 4*f + 32. What are the prime factors of d(21)?
2, 29
Let q(l) = l**3 + 6*l**2 - 6*l + 5. Let f be q(-7). Let a be -2*2*2/f. List the prime factors of (6/a)/((-3)/(-4)).
2
Let f = -17 - -38. What are the prime factors of f?
3, 7
Let w(o) = 12*o**2 - 2*o. Let m be w(2). Suppose -4*n + m = -0*n. Suppose n - 3 = 4*h. What are the prime factors of h?
2
Let k(w) = -w**3 + 6*w**2 + 5*w + 1. What are the prime factors of k(6)?
31
Let c(u) = u**2 + 3*u + 4. What are the prime factors of c(-6)?
2, 11
Let j = 53 + -76. List the prime factors of j*((-3)/(-3) - 2).
23
Let q(n) = 3*n - 2. Let k be q(3). Let b(x) = -x**3 + 6*x**2 + 7*x + 4. What are the prime factors of b(k)?
2
Suppose 0 = 4*b - 8 - 8. Let f(i) = 2*i - 3. Let x(t) = -t + 1. Let n(w) = -f(w) - 5*x(w). List the prime factors of n(b).
2, 5
Let p be 0 - (0 - 57) - 2. Suppose -y + p = 4*y. List the prime factors of y.
11
Let b(f) be the second derivative of 5*f**3/6 - 3*f**2/2 + 14*f. Let o(a) = a**3 - 4*a**2 - 5*a + 4. Let d be o(5). What are the prime factors of b(d)?
17
Let o(g) = 0*g + 2*g - 3*g. Let x be o(-6). Suppose -x - 7 = -l. List the prime factors of l.
13
Suppose 8 + 14 = 3*x + 4*u, 3*x - 5*u + 14 = 0. Suppose 0 + 8 = x*w. List the prime factors of w.
2
What are the prime factors of 2 - (-10)/(-4) - (-126)/4?
31
Let d(u) = u**3 + 6*u**2 + 6*u + 7. Suppose 3*p - 32 = 4*v, 3*p + 1 = -v + 8. Let s be d(v). List the prime factors of (-1 + s/(-5))*-5.
7
Let y(p) = p**3 - 19*p**2 - 17*p - 27. What are the prime factors of y(20)?
3